= -0*g + 5*g - 5*x - 50, x + 3 = 0. Suppose -g = -k + 2*k. Let q(h) = 5*h**2 + 8*h + 2. Is q(k) a prime number?
True
Suppose o - t + 1 = 0, 13*o + 12 = 16*o + 2*t. Is (o/(18/(-14907)))/(1/(-3)) a composite number?
False
Let a be 14 + -16 - (9624/(-1) + 0). Let w = -3165 + a. Is w composite?
True
Let t be (18/9)/(1/17). Let h = 103 + t. Suppose 5*x - h = 798. Is x a prime number?
False
Let h(x) = 634*x - 14. Let r be h(3). Let t = r - -389. Suppose p + 3*s = 2282, -2*p - t = -3*p - 2*s. Is p a composite number?
False
Let b = 102 + -144. Let x = b + 51. Is (x/6 + -1)*586 composite?
False
Is ((-29032)/(-114))/(16/636) a composite number?
True
Let b(k) = 17*k**3 + 7*k**2 + 93*k - 115. Is b(36) prime?
False
Let k(h) = -58*h**3 + 2*h**2 + h. Let g be k(-1). Suppose -6*b - 181 - g = 0. Is 20/b + (-1782)/(-4) composite?
True
Suppose -29*d + 2750670 = 693323. Is d a prime number?
False
Let w(y) = y**3 - 3*y**2 + 2. Let r be w(2). Let q be ((134180/(-25))/(-2))/(r/(-5)). Let v = -4656 + q. Is v prime?
True
Let j(g) = 4*g**2 - 17*g + 26. Let f(w) = -w**2 - 12*w - 34. Let p be f(-5). Let b be 21 + (0 - -2 - 3) - p. Is j(b) a composite number?
True
Let g(q) = 25*q**2 + 12*q - 40. Let m be g(-18). Is (20/6)/10 + m/3 composite?
True
Let o(v) = v**3 - v**2 + 1. Let j(s) = 3301*s**3 + 2*s + 1. Let k(r) = -j(r) - 2*o(r). Let c be k(-1). Let f = -1647 + c. Is f a prime number?
True
Let i = 93565 + -40940. Let z = -35952 + i. Is z a composite number?
False
Let o = 19 - 33. Let a = 29 + o. Is a a composite number?
True
Let j = -61236 - -96992. Is ((-110)/(-50))/(-11) + j/5 a composite number?
False
Suppose 2*y - 1776 = 5*k, 0*k + k - 874 = -y. Let v = y + 983. Is v a composite number?
False
Suppose 2*h = -16*b + 14*b + 2007008, 4*b = -5*h + 5017517. Is h prime?
False
Let o(w) = 35*w**3 - 10*w**2 - 30*w - 17. Let k(a) = 17*a**3 - 4*a**2 - 15*a - 9. Let u(d) = -5*k(d) + 2*o(d). Is u(-8) prime?
False
Suppose 21884 = 9*f - 12739. Is f composite?
False
Suppose -6*h = -29*h - 391. Let d(k) = -92*k - 53. Is d(h) composite?
False
Let y be -5 + 552 - ((-4)/(-4) - -1). Suppose -5*v + 4*t = -702 - y, -2*t = -4. Is v a prime number?
True
Suppose -21 = 2*q + 3*l, -11*q + 6*q + 4*l - 64 = 0. Is q/(-12) - (-21424)/(-2 + 6) a prime number?
False
Let h(o) = o**3 - 16*o**2 - 4*o + 66. Let n be h(16). Suppose 3*z + f - 13706 = 0, 7*f = -2*z + n*f + 9133. Is z a composite number?
True
Let h be 460257/186 + (-6)/4*-1. Suppose 42331 = 15*a + h. Is a prime?
True
Let n be (-14)/(-28)*(1 - 1). Suppose -27178 = -3*z - v, n*z + z + v = 9060. Suppose -2*d + 7132 = -3*r, 0 = -4*d - 3*r + 5187 + z. Is d a prime number?
False
Let r(a) = -2398*a - 658*a - 17 + 695*a. Is r(-2) a composite number?
True
Let g(k) = -2*k + 7. Let r be g(4). Let l be 3*r/(12/(-3320)). Suppose 4*n - 3*o - 1688 = 0, 0*o - l = -2*n - 2*o. Is n a composite number?
False
Let z(d) = 101*d**2 - 1 + 0*d - 12*d + 0*d + 33*d. Is z(-5) composite?
True
Suppose 2*n - 146 = -2*z, 272 = 4*z - 15*n + 14*n. Let q(g) = -2*g - 7. Let u be q(-5). Suppose 24 + z = u*d. Is d composite?
False
Let t = 61582 + 35041. Is t a prime number?
False
Suppose 72 = -13*z - 6. Is ((-70)/21)/(-10) + (-91516)/z composite?
True
Suppose 7*q - 20 - 1 = 0. Suppose 38*v = -q*v + 55801. Is v a prime number?
True
Let r(c) = -2*c + 22. Let w be r(9). Let g(m) = 791*m**2 - 10*m - 17. Let j(k) = 264*k**2 - 3*k - 6. Let x(b) = w*g(b) - 11*j(b). Is x(3) a composite number?
True
Let g(m) = 1596*m**3 - m + 2. Let x(z) = -18*z - 22. Let c be x(-3). Let r be (-3)/(6/5)*c/(-80). Is g(r) a prime number?
True
Suppose 0 = -4*d - 5*z + 1, 18*d = 16*d - 3*z - 1. Suppose -s = -2*y + 11632 - 1335, -d*y + 20573 = 5*s. Is y a prime number?
True
Let i = -28838 - -18958. Let g = -6953 - i. Is g a prime number?
True
Suppose 8*i - 434036 = -68*i. Is i composite?
False
Is (2 + 64)/6 + 42287 + 9 prime?
True
Let f = -286356 - -570641. Is f a prime number?
False
Let d = -269679 - -505702. Is d prime?
False
Let d be -3*(1 + (-6709)/3). Let j(f) = 8*f**2 - 13*f + 11. Let z be j(4). Suppose -d = z*s - 89*s. Is s a composite number?
True
Is 13/(507/13888557) + (-5)/((-195)/6) prime?
False
Let g(v) = 2*v. Let p(b) = -44*b**2 + 5*b + 23. Let n(a) = -g(a) - p(a). Is n(-4) prime?
True
Let a = 206925 - 89386. Is a composite?
False
Suppose -30*r + 32*r = 7024. Let x = -1834 + r. Is x a composite number?
True
Let z(m) = 1014*m + 102. Let r be z(9). Suppose 9*i - r = -3*i. Is i a prime number?
True
Suppose 0*u = -4*u - 5*l + 2062141, -5*l - 15 = 0. Is u a composite number?
False
Suppose -5*z - 52501 = 4*b, z + z = -10. Is (13 + -17)*b/12 a composite number?
False
Suppose -3*w - 2*c = -143276, w + 5*c - 58840 + 11077 = 0. Is w a prime number?
False
Let q(c) = 1942*c**3 + 19*c + 66. Is q(7) composite?
True
Let k(f) be the second derivative of f**3/6 + 20*f**2 + 15*f. Let d be k(-25). Is 5/d + 14618/3 a composite number?
True
Let g(o) = 2919*o - 22. Let i = 461 - 460. Is g(i) composite?
False
Is (20 - 1215/60)*-876676 composite?
False
Let t(v) = 2*v**2 - 8*v + 1. Let i be t(6). Let y = i + -28. Is (4/12)/((-4)/(-5784)) + y prime?
True
Let g(a) = 593*a + 188. Let y(t) = t - 8. Let m(x) = -g(x) - 2*y(x). Is m(-21) composite?
False
Let k = 100945 + -5352. Is k a composite number?
True
Let l(a) = -2*a**3 + 4*a**2 + 2*a + 3. Suppose -6*r = 2*r - 320. Suppose -5*s + z - r = -3*z, z + 7 = -3*s. Is l(s) a prime number?
False
Let f = -88 + 92. Suppose -f*a + 4797 + 3527 = 0. Is a a prime number?
True
Let t = 11 - 9. Is (5 + 4783)/t - (-1 + 0) a prime number?
False
Let a(g) = 1049*g**3 - 2*g**2 + 4*g - 2. Let q(x) = -214*x + 110*x - 4 + 109*x. Let h be q(1). Is a(h) a composite number?
False
Suppose -390*y = 9*y - 92546853. Is y prime?
True
Let c(o) = -18515*o + 24. Suppose -z = 3 - 2. Is c(z) composite?
False
Let f = -48 + 53. Suppose -f*t = -9*t + 12. Suppose -o + 502 = k, t*k = o + 1203 + 307. Is k composite?
False
Let a(v) = 4*v**2 - 11*v + 32. Let c be a(26). Suppose -5*t = -9*n + 6*n - 12322, -t - 3*n + c = 0. Is t prime?
False
Let h = -166 + 170. Suppose 5*u + h*x = 10495, 0 = 3*u - 4*x - 6363 + 66. Is u a composite number?
False
Let i = -244047 - -671850. Is i a prime number?
False
Let t(i) = -i**3 - 27*i**2 - 90*i + 145. Is t(-28) a composite number?
False
Suppose 7*n - 10 = 2*n, 166198 = 4*r + n. Is r a composite number?
False
Suppose -36831 = -190*l + 189*l - 2*a, 2*l - 3*a - 73669 = 0. Is l a prime number?
True
Suppose -124*f - 578732 = 7*f - 2186495. Is f composite?
True
Is (16271/(-1) + -2)/(44 + -45) a prime number?
True
Let o(a) = -a**2 - 17*a + 2. Let h be o(-17). Let d(k) = 2*k**2 + 44*k**2 + 1 + 147*k**h + 6 + 3*k. Is d(-3) prime?
False
Let u = 47387 + -27123. Suppose -7*l + u = l. Is l a composite number?
True
Suppose 0*o = -o + 4*q + 11948, -11955 = -o - 3*q. Let b = o - 8401. Is b a composite number?
True
Suppose 20*r - 2*o - 418 = 21*r, -4 = -4*o. Let f be (1/2)/(1/(-2186)). Let w = r - f. Is w prime?
True
Let g = -86 + 84. Let y be ((-5)/(-1) + 3)/g. Let c(u) = 103*u**2 - 7*u - 19. Is c(y) a composite number?
False
Suppose 44*b = 49*b + 115. Is (-1201)/(-3)*(b - -26) a composite number?
False
Let j(b) = 14590*b**3 + 3*b**2 + 8*b - 17. Is j(2) prime?
True
Let j(l) = -3*l**2 + 4*l - 1. Let d = 29 + -28. Let i be j(d). Suppose i*t + 12*t = 4344. Is t composite?
True
Let p(f) = 604*f + 291. Let t(n) = -604*n - 290. Let k(z) = -3*p(z) - 4*t(z). Is k(18) a composite number?
False
Let c(y) = 97*y**2 - 11*y + 55. Let x be c(4). Suppose -4*v + x = -v. Is v a composite number?
False
Suppose -p = -t + 2, 4*p - 2*t = 3*p - 1. Let l(w) = -12*w**2 - 9*w + 18. Let u(d) = 19*d**2 + 13*d - 26. Let h(v) = 7*l(v) + 5*u(v). Is h(p) composite?
False
Suppose 0 = 5*n - b + 35, -5*n - 4*b - 15 = -b. Let w be (63/n)/((-4)/8). Is 18/42 - (-12234)/w composite?
True
Suppose 330*i - 335*i - 4*r + 691381 = 0, -2*r - 414833 = -3*i. Is i a prime number?
False
Suppose -4*v + 12 = -5*t - 8, 0 = -t. Suppose -5*w + 4595 = v*d, -7*w - 919 = -d - 2*w. Is d composite?
False
Let s = -415341 - -596212. Is s composite?
False
Is 78/702 + (-352112)/(-36) composite?
False
Let d(v) = 33*v - 234. Let y be d(7). Let l(p) = 8 + 2 - 77*p - 4. Is l(y) a composite number?
True
Let s(l) = 1390*l**2 + 657*l + 5. Is s(6) a prime number?
